{"id":406,"date":"2018-11-15T09:11:41","date_gmt":"2018-11-15T09:11:41","guid":{"rendered":"https:\/\/demo.everestthemes.com\/everestnews\/demo\/everest-news-pro-i\/?page_id=406"},"modified":"2025-09-19T07:15:15","modified_gmt":"2025-09-19T10:15:15","slug":"contact-us","status":"publish","type":"page","link":"https:\/\/destinosdobrasil.com.br\/explorar\/contact-us\/","title":{"rendered":"Contatos"},"content":{"rendered":"<p>Marcio Mendes<br \/>\nBlog pessoal n\u00e3o comercial<\/p>\n<p>Todos os textos, fotos, v\u00eddeos e imagens s\u00e3o de minha autoria.<\/p>\n<p>Telefone e whatsapp<br \/>\n+55 11 998621829<\/p>\n<p>Email<br \/>\nmarcio@destinosdobrasil.com.br<\/p>\n<p>Redes Sociais<br \/>\n<a href=\"https:\/\/www.instagram.com\/destinosdobr\" target=\"_blank\" rel=\"noopener noreferrer\">Instagram<\/a>\u00a0\u2013\u00a0<a href=\"https:\/\/www.facebook.com\/DestinosdoBrasil\/\" target=\"_blank\" rel=\"noopener noreferrer\">Facebook<\/a>\u00a0\u2013\u00a0<a href=\"https:\/\/www.youtube.com\/channel\/UC4IKdUqMTxfj808IGpoZfqA?sub_confirmation=1\" target=\"_blank\" rel=\"noopener noreferrer\">Youtube<\/a><\/p>\n","protected":false},"excerpt":{"rendered":"<p>Marcio Mendes Blog pessoal n\u00e3o comercial Todos os textos, fotos, v\u00eddeos e imagens s\u00e3o de<\/p>\n","protected":false},"author":1,"featured_media":777,"parent":0,"menu_order":0,"comment_status":"closed","ping_status":"closed","template":"","meta":{"_acf_changed":false,"footnotes":""},"class_list":["post-406","page","type-page","status-publish","has-post-thumbnail","hentry"],"acf":[],"aioseo_notices":[],"_links":{"self":[{"href":"https:\/\/destinosdobrasil.com.br\/explorar\/wp-json\/wp\/v2\/pages\/406","targetHints":{"allow":["GET"]}}],"collection":[{"href":"https:\/\/destinosdobrasil.com.br\/explorar\/wp-json\/wp\/v2\/pages"}],"about":[{"href":"https:\/\/destinosdobrasil.com.br\/explorar\/wp-json\/wp\/v2\/types\/page"}],"author":[{"embeddable":true,"href":"https:\/\/destinosdobrasil.com.br\/explorar\/wp-json\/wp\/v2\/users\/1"}],"replies":[{"embeddable":true,"href":"https:\/\/destinosdobrasil.com.br\/explorar\/wp-json\/wp\/v2\/comments?post=406"}],"version-history":[{"count":7,"href":"https:\/\/destinosdobrasil.com.br\/explorar\/wp-json\/wp\/v2\/pages\/406\/revisions"}],"predecessor-version":[{"id":2849,"href":"https:\/\/destinosdobrasil.com.br\/explorar\/wp-json\/wp\/v2\/pages\/406\/revisions\/2849"}],"wp:featuredmedia":[{"embeddable":true,"href":"https:\/\/destinosdobrasil.com.br\/explorar\/wp-json\/wp\/v2\/media\/777"}],"wp:attachment":[{"href":"https:\/\/destinosdobrasil.com.br\/explorar\/wp-json\/wp\/v2\/media?parent=406"}],"curies":[{"name":"wp","href":"https:\/\/api.w.org\/{rel}","templated":true}]}}